it of c(-1)?
5
Let w(a) = -2*a - 2. Let i be w(-4). Let d be (i/(2 - 1))/1. Suppose 0 = -3*k + 15 + d. What is the units digit of k?
7
Let z(s) = s**2 + 5*s - 7. What is the tens digit of z(-9)?
2
Let t(s) be the second derivative of 0*s**3 + 1/20*s**5 + 4*s + 0 + 1/12*s**4 + 6*s**2. What is the tens digit of t(0)?
1
Let p(b) = b**3 + 10*b**2 - 2*b + 3. Let h(c) = -2*c + 8. Let i be h(9). What is the tens digit of p(i)?
2
Suppose -a = -5*g + 10, -8 - 27 = -5*g - 4*a. Let h(z) = 3*z + 1 + 3 - 4*z. What is the units digit of h(g)?
1
Suppose 69 = -4*j + 21. Let n = j - -6. Let k = 8 + n. What is the units digit of k?
2
Let y be ((-2)/(-4))/((-1)/36). Let u = -9 - y. What is the units digit of u?
9
Suppose 6*q = q + 10. Suppose 4*k + 12 = 0, -h + 2*k - q = -4. Let o(a) = -a**3 - 3*a**2 + 4*a + 1. What is the units digit of o(h)?
1
Let v = -9 - -9. What is the units digit of 3 + (0 - -3) - v?
6
Let x = 195 - 72. What is the hundreds digit of x?
1
Let y(x) = -x**3 + 10*x**2 + 2*x - 5. What is the tens digit of y(8)?
3
Let l(v) = v**3 - 7*v**2 - 5*v - 3. Let d be l(8). Let o = d - 10. What is the units digit of o?
1
Let g = -317 - -462. Suppose g = 4*c - 19. What is the tens digit of c?
4
Let x = -9 - -44. What is the tens digit of x?
3
Suppose 216 = 4*a + 4*y, -2*a - 4*y + 12 = -102. What is the units digit of a?
1
Let l = 0 + 5. Suppose -w - 3*x + 0 = -7, -4*w = -l*x + 6. Let g = w - -10. What is the units digit of g?
1
Suppose 5*f - 2*f - 72 = 0. What is the units digit of f?
4
Let q = 52 - 5. Let g = -20 + q. What is the units digit of g?
7
Let y be 8/(-2)*(-1)/2. Let m be y - 0/(-5 + 2). What is the units digit of (-1)/m*(-12)/2?
3
Let a = -11 + 15. Suppose a*n + 5*g = 112, -3 = -g - 7. What is the units digit of n?
3
What is the tens digit of (150/18 + -1)/(2/51)?
8
Let v(r) = -r**2 - 20*r + 11. What is the units digit of v(-17)?
2
Suppose -4*y + k + 86 = 2*k, 5*y - k - 103 = 0. Suppose 1 = -4*d + y. What is the units digit of d?
5
Let r(z) = 3*z**3 - 10*z**2 - 7*z - 8. Let w(v) = -7*v**3 + 21*v**2 + 14*v + 17. Let a(i) = -9*r(i) - 4*w(i). Let u = 10 + -14. What is the units digit of a(u)?
8
Let w = 11 - -4. Let p = w - -1. What is the units digit of p?
6
Suppose -w + 218 = -5*d, -5*w + 4*d + 262 = -723. What is the units digit of w?
3
Let s be 0/(2*(-2)/2). Suppose 5*c = 4*y - 23, c + 3 = 2*y - 4. Suppose 5*w + s - 35 = 2*z, -z + 14 = y*w. What is the units digit of w?
7
Let o = 24 - 14. What is the tens digit of o?
1
Suppose 5*p - 4*n - 13 = 0, -19 = -2*p - 5*n + 2*n. Suppose t - 5 = p*u + 4, -3*t + 17 = -5*u. Let y = 7 - u. What is the units digit of y?
8
Let w(g) = 34*g - 2. What is the units digit of w(1)?
2
Suppose a - 4*w - 6 = 0, 5*w - 33 = -a - 0*w. What is the units digit of a?
8
Suppose -4*i + 3 = z - 0*i, -5*z + 31 = 4*i. Let q(t) = 15*t - 7. Let g(c) = 7*c - 4. Let n(p) = -13*g(p) + 6*q(p). What is the units digit of n(z)?
3
Suppose -5*r + 2*u + 18 = 0, 4*u = 3*r - 2*r. What is the units digit of r?
4
Let v = 47 + 10. What is the tens digit of v?
5
What is the hundreds digit of 3120/9 + 1/(3/4)?
3
Suppose 5*q + 11 = -o, 0 = -3*o - 2*o - 5*q + 5. Let w(s) = 2*s**3 - 7*s**2 + 6*s - 4. Let h be w(4). Suppose 0*f - o*f + h = 0. What is the units digit of f?
9
Let o(b) = 4 - 5*b - 4 + 0*b. Let l be o(3). Let d = 26 + l. What is the units digit of d?
1
Let x(b) = -b**2 + 8*b - 3. Let j be x(7). Suppose 13 = m + 3*g, -4*m = j*g - 3*g - 30. What is the units digit of (-2)/m + 16/7?
2
Let q(z) = 10*z - 8. What is the tens digit of q(4)?
3
Suppose 3*x - 942 = 3*z, -91 = x - 4*z - 417. What is the tens digit of x?
1
Let r(l) = 18*l - 1. Let j(c) = c**3 - 5*c**2 - 5*c - 5. Let n be j(6). What is the tens digit of r(n)?
1
Suppose -4*q + 19 = -1. What is the units digit of q?
5
Let q = -13 + 50. What is the tens digit of q?
3
Suppose -6*k + 5*k + 3 = 0. What is the units digit of 12/(-18) + 38/k?
2
Let n(p) = 4*p**3 - 2*p**3 + p + 2*p**3 + 19 - 3*p**3. Let a = 2 + -2. What is the units digit of n(a)?
9
Let q be (-2)/1 - (-10)/2. Let w be (q + -1)/((-10)/25). Let z(k) = -k + 3. What is the units digit of z(w)?
8
Suppose -6*t + t + 5*n = -20, -t + 1 = 2*n. Suppose t*j - 3*v - 25 - 17 = 0, 0 = -5*j - 5*v + 40. What is the tens digit of j?
1
Let l be (-34)/(-6) + (-2)/(-6). Let g be (-4)/6 + 4/l. Suppose -u + g*u + 8 = 0. What is the units digit of u?
8
Let k(z) = -24*z + 8. What is the units digit of k(-8)?
0
Let f = 28 + -39. Let k(i) = 5*i**2 + 1. Let w be k(2). Let y = w + f. What is the units digit of y?
0
What is the units digit of 40/1 + (1 - 3)?
8
Suppose 5*p + 3*q = 2*p + 15, -p + 25 = 5*q. Suppose -5*m - 25 + 155 = p. What is the units digit of m?
6
Let k(w) = w**2 + 8*w + 6. Let t be k(-6). Let l(c) = -c**3 - 5*c**2 + 6*c. Let f be l(t). Suppose 2*s = -f + 6, -3*p = 4*s - 36. What is the units digit of p?
8
Let h(k) = -k**3 - 8*k**2 + 7*k - 12. What is the units digit of h(-9)?
6
Suppose 4*q + 4*f - 188 = 0, -3*q + 2*f = -0*f - 146. What is the tens digit of q?
4
Suppose 2*f + 16 = 4*f. Let y = f + -11. What is the units digit of (5 + y)/((-2)/(-1))?
1
Suppose -3*i + 45 = -0*i. What is the units digit of i?
5
Let q(k) = k**2 - 2*k - 7. What is the units digit of q(5)?
8
Suppose 0 = -4*l + 4, x - 20 = -x - 4*l. Let k = x + -12. Let z(v) = -v**2 - 7*v - 5. What is the units digit of z(k)?
7
Suppose -6*a = -a. Suppose a*l - l = -9. What is the units digit of l?
9
Suppose 5*n = -5, 0 = -t + 5*t + 5*n - 15. Suppose 0*c = t*c - 10. What is the units digit of c?
2
Let l(i) = 358*i**2 - i + 2. What is the hundreds digit of l(1)?
3
Let v(h) = -h**2 + 4*h + 2. Let d be v(5). What is the units digit of (-2)/((-6)/(d - -6))?
1
What is the units digit of (-13)/26*(-1 + -83 + -2)?
3
Let n = 47 - 69. Let a = 70 + -103. Let k = n - a. What is the tens digit of k?
1
Let t be 2 - 1 - (-7 + -1). Let z be 2/(-6) - (-21)/t. Suppose 3*r = z*r + 6. What is the units digit of r?
6
Let v be 4/(16/(-4)) + 5. Suppose -4*h = 2*x - 37 + 1, v*h - 36 = -5*x. What is the units digit of h?
9
Suppose 0 = 2*g + 3 + 13. Let z(l) = -l**3 - 9*l**2 - 4*l - 5. Let f be z(g). What is the units digit of f/(-5) + (-10)/25?
7
Suppose -5*k + 94 = 24. Suppose 5*j - 2*j = -4*w + k, -j + 4 = w. Suppose -4*p + j*p + 10 = 0. What is the units digit of p?
5
Suppose 5*s = 2*m + 94, 50 = 2*s + s + 2*m. What is the tens digit of s?
1
Suppose 0*j - 4*j - 43 = -h, 0 = 3*h + 5*j - 197. What is the units digit of h?
9
Let i = 44 - 35. What is the units digit of i?
9
Let o(l) = 2*l - 13. Let k be o(9). Suppose -c + 5*c + 92 = 4*p, -k*p + 2*c = -127. What is the tens digit of p?
2
Suppose 0 = -5*y + 4*q - 639 + 1699, -4*y = -q - 859. What is the units digit of y?
6
Let b be (-24)/3 + (-1 - 0). Let y = 8 - -6. Let d = y + b. What is the units digit of d?
5
Let x(w) be the first derivative of -w**2 - 2*w + 3. What is the units digit of x(-4)?
6
Suppose -22*i - 142 = -23*i. What is the hundreds digit of i?
1
Suppose 0 = -11*y + 12*y - 311. What is the tens digit of y?
1
Let i(u) = -u**3 + 4*u**2 + 4*u + 4. Let s be i(5). What is the units digit of -1*(2 + 15)*s?
7
Let k(i) = -i**3 - 9*i**2 - i - 6. Let x be k(-9). What is the units digit of ((-1)/x)/((-7)/273)?
3
Let a be ((-42)/5)/(7/(-35)). Suppose -2*t + a = -64. What is the tens digit of t?
5
Let f = -4 - -1. What is the units digit of 1/((-20)/7 - f)?
7
Suppose -2*u - u + l = -17, 0 = u - l - 7. What is the units digit of u?
5
Let j(t) = -t**3 - 7*t**2 - 7*t - 1. Let x be (-1)/(-1 - (-21)/18). Let p be j(x). Let f = -4 + p. What is the units digit of f?
1
Let n = 456 - 164. What is the tens digit of n?
9
Suppose 9 = -4*f - 11. Suppose 4*w - 3*z = 39, -5*z + 51 = 2*w + w. What is the units digit of f/4*-1*w?
5
Let f = -17 - -24. Let c = f - 11. Let h = c - -6. What is the units digit of h?
2
Let x(d) = d**2 - d - 4. Let t be x(0). Let b be 104/6 - t/6. Suppose -3*f + b = -f. What is the units digit of f?
9
Let s = 226 + -62. What is the units digit of s?
4
Suppose 3*m - 15 = 0, -31 = -s + 3*m - 11. What is the units digit of s?
5
Let g(o) = -o**3 + 7*o**2 - 5*o - 1. Let z be g(6). Let y be -2 + z/(10/52). Suppose 4*q = 60 - y. What is the units digit of q?
9
Suppose -2*b - 11 = -g + 3*b, 2*g = -b + 55. What is the tens digit of g?
2
Let w = 